hat is -1 - (-5 - (-3 - (-2 - 0)))?
3
1 - (2 + 2 - 6)
3
(29 - 24) + (-3 - -3 - 9)
-4
Evaluate -4 - (3 - 5 - 1 - 2).
1
Calculate 5 + -7 - (0 + 1 + -6).
3
4 - (9 + (-2 - -3) + -2)
-4
What is 4 + (-5 - (-4 + -2))?
5
What is -8 + (-3 - (0 - 6))?
-5
What is 6 + -2 + (1 - 2 - -1)?
4
1 - (-1 + 2 - (0 - -4))
4
Calculate -4 + 0 + (-2 - -7) + -7.
-6
Evaluate (6 - -5) + (2 - 4).
9
Calculate -2 + (8 - (10 + -8)).
4
What is the value of 10 + (0 - (-13 - -26))?
-3
(-7 - -2) + 3 + -1
-3
What is the value of 0 + -2 + 6 + (-5 - -5)?
4
(6 + -3 - -3) + -10 + 4
0
What is 0 + 1 + -2 - (44 - 39)?
-6
13 + (-9 - -4) + -2 + -12
-6
Calculate (9 - (-3 - -7)) + -11 - -4.
-2
Calculate -7 - (-2 - (-5 - -8)) - 3.
-5
What is the value of -1 + -1 + 11 - 1?
8
What is -2 + -1 + 6 + -6?
-3
Evaluate 4 - (9 - (7 + (7 - 12))).
-3
-4 + 1 + (3 - (4 - 3))
-1
Evaluate 1 + 5 + (4 + 2 - 7).
5
What is -19 + 27 + -3 + -1?
4
What is (-1 - (-4 - -2 - -4)) + 8?
5
What is the value of 4 + 2 + (-3 - (3 - 3))?
3
What is -1 + -5 + -6 + 9 + 0?
-3
Calculate (-9 - -10) + (-2 + 2 - -4).
5
(-7 - (-9 + 9)) + 0
-7
Calculate -3 + 0 + 4 + (-4 - -2).
-1
What is the value of 6 + 2 + -15 - -4?
-3
What is 1 - 1 - (-5 + 3)?
2
What is the value of (3 - 3) + 2 + -1 + -1?
0
What is -9 + -1 + 16 - 0?
6
What is the value of 7 - (-2 - (-2 - 5) - 3)?
5
Calculate 2 - (-2 - (-5 + 6)) - 10.
-5
(-5 - -12) + (-2 - 3)
2
Evaluate -12 - -13 - (0 - 3).
4
Evaluate (-2 - -6) + -6 + 3.
1
-1 - (-8 - (4 - 17))
-6
3 + -4 + 7 + -7 + 5
4
What is the value of -12 - -2 - -2 - 0?
-8
What is 2 + -15 + 16 - (1 - 1)?
3
Calculate 2 + -6 - -4 - (0 - 1).
1
12 - 5 - (5 + 0)
2
What is the value of -15 + 5 + (2 - (-2 - 3))?
-3
Calculate 1 + 1 - (11 + -4).
-5
4 + -2 + 0 - 0
2
What is the value of -48 + 50 - (2 - 7)?
7
Evaluate (3 + -4 - -1) + 2.
2
What is the value of -6 - (-8 + -3 + 0) - 0?
5
12 - ((1 - 2) + 10)
3
Evaluate 1 - (6 - 8) - 6.
-3
Calculate (-1 - 5) + 4 - -1.
-1
Evaluate (4 - (-3 - 1)) + -5.
3
What is the value of 63 + -52 - (8 - 1)?
4
Calculate -16 + 19 + 1 + -9.
-5
What is the value of -10 - (0 + -1 - (0 - -3))?
-6
What is the value of 2 + -3 - (-8 - (-2 + -2))?
3
What is 8 - (-1 - (4 - 8))?
5
What is 6 + (-13 + 6 - -5)?
4
What is the value of 4 + 0 + 1 + -4 + -4?
-3
What is (20 - (10 - 3)) + -6?
7
Calculate -2 + (5 + 1 - 1) - 2.
1
Calculate -9 + 10 - (-5 - 0).
6
Calculate (-4 - (-3 - (6 + -3))) + -3.
-1
Evaluate 0 + (0 - 2) + 15 + -15.
-2
What is 2 + -4 + -3 + 2?
-3
Calculate 14 + (-11 - 12) + 3.
-6
Calculate -5 - (-18 - -11 - 8).
10
Evaluate 5 + (-4 - -1) + 2.
4
Evaluate 1 + 0 + 0 + 1.
2
Calculate -1 - (-13 + 7 + 8).
-3
What is the value of (6 - 6) + 3 + 3 - 4?
2
What is the value of 2 + (0 - (5 + -11 - 0))?
8
What is the value of 2 + 2 - (2 - (4 + -2))?
4
Evaluate 4 + (-9 - -1) - -8.
4
What is the value of 6 - 1 - (-6 + 17)?
-6
What is -6 + (6 - 4 - -1) - 5?
-8
What is the value of -2 + -7 - -21 - 7?
5
What is the value of 3 - (6 + -3 - 4)?
4
-2 + -2 + 2 + -2
-4
What is the value of -1 + 1 + 6 + -14 - -16?
8
What is 3 + 0 + (-5 - -3)?
1
Calculate -4 + (5 - 2) - (-1 + -3).
3
What is 8 - (-5 - -8 - (-2 + 2))?
5
What is the value of -9 - (-11 + (6 - 9))?
5
Calculate (3 - (-4 + 6)) + -2.
-1
Calculate -1 - (0 - -2) - (1 + -4).
0
What is the value of (8 + 1 - 5) + 1?
5
Calculate (-1 + 4 - (-4 - -1)) + -2.
4
What is the value of (-1 - -5) + -2 - -3?
5
Calculate -5 + (14 - 3) + -12.
-6
-4 + 2 + -3 + 0
-5
Calculate (-3 - -1) + (1 - 1 - 2).
-4
What is the value of -10 + 2 - (-13 - -8)?
-3
What is (3 - (1 + 0)) + -1 + -6?
-5
Calculate -9 - (-12 + 1 - 1).
3
23 + -19 - (8 + -3)
-1
What is 2 + -5 + -2 + 1 - -4?
0
-4 - (7 + -1 + -14)
4
Evaluate 81 + -80 + 1 + -1 + 1.
2
(-6 - (-4 - -7)) + 7
-2
What is (7 - 0) + (-9 - -8 - 8)?
-2
Evaluate -2 - (0 + -2) - -4.
4
Evaluate 12 + -16 - 6 - -5.
-5
-2 + -3 + 4 + 1 + 6
6
What is 1 + -5 + -20 + 24 + -6?
-6
Calculate (-16 - -5) + 11 - -4.
4
Evaluate 25 - 21 - (-2 - -4).
2
What is the value of (-3 - (5 - 3)) + 10 + 3?
8
Calculate 10 + -2 + -2 - 3.
3
Evaluate -9 - (13 + (-3 - 22)).
3
Evaluate 1 + (1 - (8 - 2)).
-4
What is (1 - 2) + (13 - 16)?
-4
(3 - 4) + 1 + 3
3
2 - (-6 + (9 - 2) - 7)
8
What is the value of -5 + 1 - (0 + -6 + 5)?
-3
What is 4 + 0 + (-1 - (-1 - -3))?
1
What is 4 + (-7 + 4 - -1)?
2
What is the value of 0 + 0 - (8 - 19 - -6)?
5
(-1 - -2) + (0 + -1 - 0)
0
What is the value of 5 + (-9 - (-1 - 3)) + 2?
2
Calculate 19 - 12 - (4 + 0).
3
-4 + (-4 - (-1 - 7)) + -2
-2
Calculate 5 - (6 + (-2 - 8) - -3).
6
(-8 - (2 - 3)) + 3 - -5
1
4 - (0 + 10 + -6)
0
Calculate -2 + 2 + 1 + 8 + -7.
2
(3 - (-2 - -3)) + -5
-3
What is (9 - 5) + -5 + 3 + 1?
3
What is the value of -1 + (-3 + 7 - 1)?
2
-3 + (2 + -8 - -10)
1
Evaluate 1 + -5 + -3 + 7.
0
9 - 2 - (-4 + 6)
5
What is -2 + (3 + -2 - 2)?
-3
(-9 - -6 - -7) + -2 + 2
4
Calculate 4 - (-3 - -9 - 4 - -5).
-3
What is the value of -10 - ((1 - 17) + 8)?
-2
What is the value of -1 - -1 - (-4 + 1 + 0)?
3
-6 + -1 + (1 - (-5 - -3))
-4
9 + -7 + (0 + 4 - 1)
5
What is the value of 2 + (14 - 6) + -6?
4
Calculate -3 + 1 + -3 + 5.
0
1 + -2 + 8 - (5 + -1)
3
Evaluate -1 - (4 + -5 - -5).
-5
Calculate (5 - -4) + (-7 - -4) + -8.
-2
Calculate (1 - -3) + -3 + -4.
-3
Calculate -5 - ((1 - 3) + 4 + -8).
1
What is 3 - (0 - (-1 - 2))?
0
Evaluate -7 + -3 + (-2 - -1 - -3).
-8
Calculate 0 - 0 - (-20 + 30 + -15).
5
Calculate (1 - 0) + (76 - 78).
-1
Evaluate (0 - -6) + -80 + 80.
6
What is 0 + (-1 + -3 - 0)?
-4
Evaluate (-4 + 5 - (1 + 0)) + -1.
-1
Calculate 0 + (-5 + 3 - -5).
3
What is 2 + (-2 - (-7 - (-15 - -7)))?
-1
Calculate -7 + (-2 - (-8 + 4)).
-5
What is the value of -2 - -2 - (9 - (-4 - -9))?
-4
What is 8 - (-2 + 7 + -1 + 3)?
1
Calculate (18 - 18) + (2 - -1) - 5.
-2
Calculate -3 - (1 + -3 + -2).
1
Evaluate 7 + -2 - (4 + 11) - -3.
-7
Calculate (6 - 3) + -4 + 4.
3
Calculate (1 + -2 - (-1 - 2)) + -3.
-1
Calculate 4 + 4 + -6 - -1.
3
7 + (-5 - -2) + -1
3
(-12 + 9 - -7) + -9
-5
Evaluate 2 + 9 + -20 + 8.
-1
What is -5 + 0 - (-2 + (5 - 6))?
-2
What is 0 + (-1 - (-12 - -4)) + -3?
4
Calculate 66 - 64 - (4 + -1).
-1
Evaluate 1 + (9 - 12) + 3 + 0.
1
Calculate (5 - (-2 - -12)) + 7 - 6.
-4
(1 - -3 - 9) + 11
6
-3 - (3 + (2 - 2) + -3)
-3
Evaluate 2 + 2 + (4 - 5).
3
Evaluate -24 - -26 - (0 - 1).
3
What is the value of -2 + (-10 - -11) + -8?
-9
Calculate 2 + (-1 - (-5 - 0)) - 2.
4
Calculate (1 - (-7 - -5) - 3) + -7.
-7
Calculate 2 - 2 - 8 - -12.
4
What is (-2 - -3) + -1 + (8 - 11)?
-3
What is (4 - 1) + -13 + (-10 - -21)?
1
Calculate 0 - (-1 + 9) - (-1 + -1).
-6
What is the value of (-4 - 3) + 13 + -8?
-2
Evaluate (-5 + 3 - -1) + -7 + 5.
-3
What is the value of -2 - (-8 - (-2 - 0))?
4
Evaluate (1 - -3 - -4) + (-11 - -7).
4
Calculate 4 - (1 - (6 - 7)).
2
4 - (-1 + 4 - 2)
3
-2 + (4 - 0) - (2 - -2)
-2
(12 - 5) + -7 + 3 + -6
-3
-1 + 14 - (26 + -19)
6
What is the value of 12 + 3 + -3 + (24 - 32)?
4
Calculate -15 + 1 + 185 + -175.
-4
What is the value of 10 + (17 - 14) + -7?
6
Calculate 7 + (-6 - -3) - 8.
-4
What is -2 + (-1 - (3 + -8)) - -2?
4
What is 4 + (-8 - (-24 + 12))?
8
Evaluate 11 + -8 - 2 - 6.
-5
What is -2 + 17 + (-2 - 4)?
9
What is (-3 + -2 - 5) + 5?
-5
What is (-17 - -1 - -7) + 16?
7
Calculate -10 - (-22 + 9 - -9).
-6
(0 - 7 - -11) + -1
3
What is the value of -19 + 20 - (0 + 4)?
-3
What is -4 + (-8 - (-18 + 3))?
3
Evaluate 2 + 0 + -3 + (0 - -2).
1
Calculate (7 - 1) + (21 - 27).
0
What is -3 - (-5 + -10 - -8)?
4
What is (5 - (10 - 5)) + (-3 - 1)?
-4
Evaluate -10 + 6 + (4 - 0).
0
0 - (4 - 4 - 4 - -5)
-1
What is (-60 - -62) + (-6 - 0)?
-4
What is the value of (1 + -6 - -2) + 2?
-1
What is the value of 6 - (7 + 9 - 8)?
-2
What is the value of 2 - (-1 - (-12 + 18))?
9
Calculate (1 - (-1 - -6)) + (3 - 1).
-2
Evaluate 1 - (8 + -9 + (1 - -2)).
-1
Evaluate 5 + (1 - (9 + -6 + 3)).
0
What is the value of 3 + -4 + 3 + 8 + -12?
-2
Calculate -5 + (-5 - (-10 - 6)).
6
What is the value of -11 + 1 - (39 - 51)?
2
-7 + (-5 - (-2 - 1)) - -3
-6
What is the value of -2 - (-4 + 1 + 6 + -5)?
0
Evaluate -14 - (-19 - (-10 + -1)).
-6
(5 - 5) + 4 + -7
-3
Evaluate -1 + 0 - (7 + -2 - 2).
-4
Calculate 10 + -17 + 10 - (-6 + 3).
6
Evaluate 12 + -5 + -1 + -10 + 5.
1
9 + (3 + 0 - 7)
5
Evaluate -4 + 6 + (-5 - 1).
-4
17 - (-6 - -15) - 9
-1
Calculate -3 - (-8 - (4 + -8) - -6).
-5
Evaluate 8 + (6 - (-7 + 19)).
2
Calculate -9 + 2 + -4 + 11.
0
